{"id":1513,"date":"2023-07-11T14:55:08","date_gmt":"2023-07-11T14:55:08","guid":{"rendered":"http:\/\/elpuclitico.cl\/?page_id=1513"},"modified":"2024-10-24T01:53:30","modified_gmt":"2024-10-24T01:53:30","slug":"consolidado-historico-elecciones-feuc","status":"publish","type":"page","link":"https:\/\/elpuclitico.cl\/index.php\/consolidado-historico-elecciones-feuc\/","title":{"rendered":"Consolidado hist\u00f3rico Elecciones FEUC"},"content":{"rendered":"\n<p><strong>\u00a1Bienvenido a la secci\u00f3n de Estad\u00edsticas de Elecciones FEUC de El PUCl\u00edtico! <\/strong>En esta secci\u00f3n encontrar\u00e1s informaci\u00f3n hist\u00f3rica de los resultados de las Elecciones FEUC.<\/p>\n\n\n\n<h2 class=\"wp-block-heading\">Lista directiva FEUC<\/h2>\n\n\n\n<p class=\"has-medium-font-size\"><strong><em>Resultados lista Directiva FEUC &#8211; 1ra vuelta<\/em><\/strong><\/p>\n\n\n\n<iframe width=\"760\" height=\"384\" seamless=\"\" frameborder=\"0\" scrolling=\"no\" src=\"https:\/\/docs.google.com\/spreadsheets\/d\/e\/2PACX-1vQoEbroZJnOeesUOwi4z3O24bQA37Sq4YYc3Na34MmI8LwaiP7vXZTktSKfMUzNXg\/pubchart?oid=145993758&amp;format=interactive\"><\/iframe>\n\n\n\n<p class=\"has-medium-font-size\"><strong><em>Resultados lista Directiva FEUC &#8211; 2da vuelta<\/em><\/strong><\/p>\n\n\n\n<iframe width=\"600\" height=\"371\" seamless=\"\" frameborder=\"0\" scrolling=\"no\" src=\"https:\/\/docs.google.com\/spreadsheets\/d\/e\/2PACX-1vQoEbroZJnOeesUOwi4z3O24bQA37Sq4YYc3Na34MmI8LwaiP7vXZTktSKfMUzNXg\/pubchart?oid=339442296&amp;format=interactive\"><\/iframe>\n\n\n\n<h2 class=\"wp-block-heading\">Consejer\u00eda Superior<\/h2>\n\n\n\n<p class=\"has-medium-font-size\"><strong><em>Resultados Consejer\u00eda Superior &#8211; 1ra vuelta<\/em><\/strong><\/p>\n\n\n\n<iframe width=\"677\" height=\"371\" seamless=\"\" frameborder=\"0\" scrolling=\"no\" src=\"https:\/\/docs.google.com\/spreadsheets\/d\/e\/2PACX-1vQoEbroZJnOeesUOwi4z3O24bQA37Sq4YYc3Na34MmI8LwaiP7vXZTktSKfMUzNXg\/pubchart?oid=242916219&amp;format=interactive\"><\/iframe>\n\n\n\n<p class=\"has-medium-font-size\"><strong><em>Resultados Consejer\u00eda Superior &#8211; 2da vuelta<\/em><\/strong><\/p>\n\n\n\n<iframe width=\"600\" height=\"371\" seamless=\"\" frameborder=\"0\" scrolling=\"no\" src=\"https:\/\/docs.google.com\/spreadsheets\/d\/e\/2PACX-1vQoEbroZJnOeesUOwi4z3O24bQA37Sq4YYc3Na34MmI8LwaiP7vXZTktSKfMUzNXg\/pubchart?oid=1512016777&amp;format=interactive\"><\/iframe>\n\n\n\n<h2 class=\"wp-block-heading\">Consejer\u00edas Territoriales<\/h2>\n\n\n\n<p class=\"has-medium-font-size\"><em><strong>Resultados Consejer\u00edas Territoriales<\/strong><\/em><\/p>\n\n\n\n<iframe width=\"762\" height=\"403\" seamless=\"\" frameborder=\"0\" scrolling=\"no\" src=\"https:\/\/docs.google.com\/spreadsheets\/d\/e\/2PACX-1vQoEbroZJnOeesUOwi4z3O24bQA37Sq4YYc3Na34MmI8LwaiP7vXZTktSKfMUzNXg\/pubchart?oid=735473167&amp;format=interactive\"><\/iframe>\n","protected":false},"excerpt":{"rendered":"<p>\u00a1Bienvenido a la secci\u00f3n de Estad\u00edsticas de Elecciones FEUC de El PUCl\u00edtico! En esta secci\u00f3n encontrar\u00e1s informaci\u00f3n hist\u00f3rica de los resultados de las Elecciones FEUC. Lista directiva FEUC Resultados lista Directiva FEUC &#8211; 1ra vuelta Resultados lista Directiva FEUC &#8211; 2da vuelta Consejer\u00eda Superior Resultados Consejer\u00eda Superior &#8211; 1ra vuelta Resultados Consejer\u00eda Superior &#8211; 2da [&hellip;]<\/p>\n","protected":false},"author":1,"featured_media":0,"parent":0,"menu_order":0,"comment_status":"closed","ping_status":"closed","template":"","meta":{"_eb_attr":"","_gspb_post_css":"","om_disable_all_campaigns":false,"_monsterinsights_skip_tracking":false,"_monsterinsights_sitenote_active":false,"_monsterinsights_sitenote_note":"","_monsterinsights_sitenote_category":0,"footnotes":""},"class_list":["post-1513","page","type-page","status-publish","hentry"],"blocksy_meta":[],"aioseo_notices":[],"_links":{"self":[{"href":"https:\/\/elpuclitico.cl\/index.php\/wp-json\/wp\/v2\/pages\/1513","targetHints":{"allow":["GET"]}}],"collection":[{"href":"https:\/\/elpuclitico.cl\/index.php\/wp-json\/wp\/v2\/pages"}],"about":[{"href":"https:\/\/elpuclitico.cl\/index.php\/wp-json\/wp\/v2\/types\/page"}],"author":[{"embeddable":true,"href":"https:\/\/elpuclitico.cl\/index.php\/wp-json\/wp\/v2\/users\/1"}],"replies":[{"embeddable":true,"href":"https:\/\/elpuclitico.cl\/index.php\/wp-json\/wp\/v2\/comments?post=1513"}],"version-history":[{"count":34,"href":"https:\/\/elpuclitico.cl\/index.php\/wp-json\/wp\/v2\/pages\/1513\/revisions"}],"predecessor-version":[{"id":3122,"href":"https:\/\/elpuclitico.cl\/index.php\/wp-json\/wp\/v2\/pages\/1513\/revisions\/3122"}],"wp:attachment":[{"href":"https:\/\/elpuclitico.cl\/index.php\/wp-json\/wp\/v2\/media?parent=1513"}],"curies":[{"name":"wp","href":"https:\/\/api.w.org\/{rel}","templated":true}]}}

Consolidado histórico Elecciones FEUC

<p><strong>¡Bienvenido a la sección de Estadísticas de Elecciones FEUC de El PUClítico! </strong>En esta sección encontrarás información histórica de los resultados de las Elecciones FEUC.</p>



<h2 class="wp-block-heading">Lista directiva FEUC</h2>



<p class="has-medium-font-size"><strong><em>Resultados lista Directiva FEUC &#8211; 1ra vuelta</em></strong></p>



<iframe width="760" height="384" seamless="" frameborder="0" scrolling="no" src="https://docs.google.com/spreadsheets/d/e/2PACX-1vQoEbroZJnOeesUOwi4z3O24bQA37Sq4YYc3Na34MmI8LwaiP7vXZTktSKfMUzNXg/pubchart?oid=145993758&amp;format=interactive"></iframe>



<p class="has-medium-font-size"><strong><em>Resultados lista Directiva FEUC &#8211; 2da vuelta</em></strong></p>



<iframe width="600" height="371" seamless="" frameborder="0" scrolling="no" src="https://docs.google.com/spreadsheets/d/e/2PACX-1vQoEbroZJnOeesUOwi4z3O24bQA37Sq4YYc3Na34MmI8LwaiP7vXZTktSKfMUzNXg/pubchart?oid=339442296&amp;format=interactive"></iframe>



<h2 class="wp-block-heading">Consejería Superior</h2>



<p class="has-medium-font-size"><strong><em>Resultados Consejería Superior &#8211; 1ra vuelta</em></strong></p>



<iframe width="677" height="371" seamless="" frameborder="0" scrolling="no" src="https://docs.google.com/spreadsheets/d/e/2PACX-1vQoEbroZJnOeesUOwi4z3O24bQA37Sq4YYc3Na34MmI8LwaiP7vXZTktSKfMUzNXg/pubchart?oid=242916219&amp;format=interactive"></iframe>



<p class="has-medium-font-size"><strong><em>Resultados Consejería Superior &#8211; 2da vuelta</em></strong></p>



<iframe width="600" height="371" seamless="" frameborder="0" scrolling="no" src="https://docs.google.com/spreadsheets/d/e/2PACX-1vQoEbroZJnOeesUOwi4z3O24bQA37Sq4YYc3Na34MmI8LwaiP7vXZTktSKfMUzNXg/pubchart?oid=1512016777&amp;format=interactive"></iframe>



<h2 class="wp-block-heading">Consejerías Territoriales</h2>



<p class="has-medium-font-size"><em><strong>Resultados Consejerías Territoriales</strong></em></p>



<iframe width="762" height="403" seamless="" frameborder="0" scrolling="no" src="https://docs.google.com/spreadsheets/d/e/2PACX-1vQoEbroZJnOeesUOwi4z3O24bQA37Sq4YYc3Na34MmI8LwaiP7vXZTktSKfMUzNXg/pubchart?oid=735473167&amp;format=interactive"></iframe>

<p>¡Bienvenido a la sección de Estadísticas de Elecciones FEUC de El PUClítico! En esta sección encontrarás información histórica de los resultados de las Elecciones FEUC. Lista directiva FEUC Resultados lista Directiva FEUC &#8211; 1ra vuelta Resultados lista Directiva FEUC &#8211; 2da vuelta Consejería Superior Resultados Consejería Superior &#8211; 1ra vuelta Resultados Consejería Superior &#8211; 2da [&hellip;]</p>
